he remainder when l(22) is divided by 21?
18
Let r(i) = -i**3 + 13*i**2 - 23*i + 7. Let h be 592/56 + 8/(-14). What is the remainder when r(h) is divided by 26?
25
Suppose 2*d = -3*u - 50 + 131, -3*u = 15. Suppose -135 = 5*x - 14*x. Suppose -t = -l - x, -l + 61 = 5*t + l. What is the remainder when d is divided by t?
9
Suppose 0 = -3*g + 713 - 734, l + 4*g - 889 = 0. Calculate the remainder when l is divided by 245.
182
Let p(z) = -2*z + 11. Let q(v) = 7*v**3 - v**2 + 2*v. Let x be q(-2). Let n = x + 143. What is the remainder when n is divided by p(-15)?
38
Let y(k) = -1756*k - 1723. Let r = -11 + 32. Calculate the remainder when y(-1) is divided by r.
12
Let z = -82 + 84. What is the remainder when 318 is divided by (-8*z)/(58/(-290))?
78
Suppose 2*j = -x + 289 - 237, -5*j + 31 = -2*x. Suppose i - 5*i = -164. What is the remainder when i is divided by x?
19
Suppose 132 = r + 4*b - 277, 5*r - 5*b - 1945 = 0. Calculate the remainder when r is divided by 33*1*(-3 + 4).
30
Let l = 8388 - 8207. Calculate the remainder when l is divided by 25.
6
Suppose -445*m + 354*m = -37037. What is the remainder when m is divided by 11?
0
Suppose g - z - z = -62, -4 = -2*z. Let p = -25 - g. Suppose -5*o = -l - 485 + 7, -l - 190 = -2*o. Calculate the remainder when o is divided by p.
30
Suppose -16 = -3*w + 86. Suppose -16*g = 110 + 114. Let f = w + g. Calculate the remainder when f is divided by 6.
2
What is the remainder when 46970/308 + 2*(-15)/(-12) is divided by 50 - -1 - (-2)/(-2)?
5
Let t = 11974 - 11926. What is the remainder when 409 is divided by t?
25
Let y(j) = -1779*j - 21322. Calculate the remainder when 386/4 + (-1)/2 is divided by y(-12).
18
Let l(i) = -3*i - 6. Suppose -3*f = 4*a - 313, -4*f - 113 = 2*a - 277. What is the remainder when a + 2*28*(-8)/(-64) is divided by l(-6)?
11
Suppose 5*t + s = 42, t - s - 39 = -3*t. Let i(o) = -9*o - 2. Let j be i(t). What is the remainder when 79 is divided by 1/(-2) + j/(-2)?
38
Let n = 203 - 240. Let g = n - -40. What is the remainder when 9 is divided by g?
0
Let a(u) = -u**3 - u**2 - 2*u + 3. Let q be a(3). Suppose 2*f = 4*x + 192, -4*f = -3*x - 9*f - 170. Let w = q - x. What is the remainder when w is divided by 8?
3
Suppose -2*p + 146 = -l, -10*p + 2*l + 257 = -485. Let u = -18 + 29. What is the remainder when p is divided by u?
9
Suppose 0*b + 4*b = s + 710, -4*b = -3*s - 706. Suppose -7*l + 4*l = -0*l - 183. What is the remainder when b is divided by l?
56
Suppose 0 = -i, 5*l - 10*l + 25 = -i. Suppose -l*x - 45 + 175 = 0. Calculate the remainder when 68 is divided by x.
16
Suppose -3*d + 5*d = 0. Suppose -120*t + 123*t - 69 = d. Let o = -5 - -48. What is the remainder when o is divided by t?
20
Let m = 83 - 63. What is the remainder when 71 + ((-3)/(-2))/((-8)/16) is divided by m?
8
Suppose 3*x - 105 - 84 = 0. Suppose 442 - 36 = 324*d - 310*d. What is the remainder when x is divided by d?
5
Let z = 138 + -148. Let f = z + 143. What is the remainder when f is divided by 34?
31
Let r = 17726 - 16332. What is the remainder when r is divided by 78?
68
Suppose -160*m + 912 = -286*m + 150*m. What is the remainder when 360 is divided by m?
18
Let o(x) = -68*x + 8. Let b be o(-1). Calculate the remainder when 73 is divided by (-56)/6*(-57)/b.
3
Let i(l) = -l**2 + 37*l - 68. Let b = 408 + -374. What is the remainder when i(b) is divided by 8?
2
Suppose 3*h = -v - 5, 2*h = 5*v + 6 + 2. Calculate the remainder when -8 + (h - -5) + (-5 - -107) is divided by 10.
8
Let p(g) = 26*g + 247. Let j(l) = -l**3 + 14*l**2 - 6*l + 75. Let h be j(14). Calculate the remainder when 103 is divided by p(h).
12
Let s = 247 - 520. Calculate the remainder when 734 is divided by ((-5)/7)/(13/s).
14
Let o(s) = s - 6. Let w be o(11). Let a = 128 - 119. Calculate the remainder when (a - 4)/w + 124 is divided by 32.
29
Suppose -19*p + 880 = -14*p. Let m = p - 127. Calculate the remainder when m is divided by ((-2)/5)/(1/(-65)).
23
Let s be ((-1 - 2) + 2)*(0 + -3). Suppose s*l = 9, -2*z + 2*l + 70 + 40 = 0. Calculate the remainder when z is divided by 17.
7
Suppose -4*y - 8 + 28 = 0. Suppose 0 = f + 5*u - 19, 5*f = 6*f - 3*u + y. What is the remainder when 135 is divided by f?
3
Suppose 193 = -12*j + 661. Suppose -3*f + r + j = 2, 2*f = 5*r + 16. What is the remainder when 13 is divided by f?
0
Let a(h) = 25*h**2 + 51*h + 5. Let m be a(6). Let y = -1193 + m. Let i(q) = -q**3 + 8*q**2 - 7*q. What is the remainder when i(6) is divided by y?
12
Calculate the remainder when (-34 + 33)/(3/(-4 + -14753)) is divided by 164.
163
Let o = 123 + -115. Suppose o*s - 11 = 7*s. Calculate the remainder when s is divided by 8.
3
Let m = -642 - -909. Let t = m + -95. Suppose -t - 333 = -5*y. Calculate the remainder when y is divided by 26.
23
Let v(r) = -5*r**2 - 180*r - 115. Calculate the remainder when v(-32) is divided by 90.
75
What is the remainder when 467 is divided by -10 + (-1937)/(-195) - ((-2611)/15 - 4)?
111
Suppose -y = 5*w - 50 - 430, 2*w - 192 = -3*y. Calculate the remainder when w is divided by 1 - (-7 + 2 + -3).
6
Let l = 11102 + -11091. Let z(h) = -5*h - 4. Calculate the remainder when z(-7) is divided by l.
9
Suppose -2*x - 32 + 4 = -3*z, -5*x = 5*z - 30. Let g(u) = -u**3 - 90*u**2 + 70*u - 1826. What is the remainder when g(-91) is divided by z?
5
Suppose 0 = 4*n - 6*n + 4. Let k be n + -7 - 27/(-1). Suppose -k - 3 = -5*h. Calculate the remainder when 14 is divided by h.
4
Let m = 4286 - 4267. What is the remainder when 355 is divided by m?
13
Suppose 2*z = -2*q + 67 - 11, 79 = 3*z - 2*q. Let b(o) = -o + 5. Let h be b(7). Calculate the remainder when z is divided by (-3)/h*(-13)/(234/(-96)).
3
Suppose 25 = 5*r, -3*m = -0*r + r - 293. Let k = 204 - m. What is the remainder when k is divided by 37?
34
Suppose -45 = -10*k - 5. Let n(w) = 2*w**2 - 7*w + 10. Calculate the remainder when 151 is divided by n(k).
11
Let i be 1138/(-8) - (-2 + 33/12). Let k = i - -150. Calculate the remainder when (3*-1)/3 + 14 is divided by k.
6
Let q = -17 + 10. Let t = q + 7. What is the remainder when 18 is divided by 32/(-64) + 18/4 + t?
2
Let m(y) = 105*y - 147. What is the remainder when m(52) is divided by 190?
183
What is the remainder when 943 is divided by 210/25*((-65)/78)/((-2)/8)?
19
Let n = -423 - -515. Suppose 0 = 2*r - 4*m - n, r - 27*m = -32*m + 74. Calculate the remainder when r is divided by 11.
10
Suppose 40*b + 24 = 42*b - 3*t, -17 = -b + 4*t. What is the remainder when 2265 is divided by b?
6
Let f be (3672/45)/((-4)/(-50)). Suppose -f = b - 21*b. Calculate the remainder when b is divided by 3.
0
Let j = 324280 - 324274. Calculate the remainder when ((-4)/1)/(-2) + 26 is divided by j.
4
Suppose 5*m = 6*m - 59. Let o(c) = c**3 - 10*c**2 - 6*c + 138. Let d be o(9). Calculate the remainder when m is divided by -3 - -2 - (d - 16).
11
Suppose -80*m + 82*m - 3*t = 1509, 5*t = -4*m + 3007. What is the remainder when m is divided by 6?
3
Suppose 48*w - 763 = 53. Calculate the remainder when 3074 is divided by w.
14
Let r(n) = n**3 - 3*n**2 - n + 3. Suppose 0 = -5*i + 11*i - 18. Let j be r(i). Suppose 0*f + 5*f - 90 = j. What is the remainder when f is divided by 4?
2
Let b = -184 + 189. Let p(j) = 5*j - 16. Calculate the remainder when 98 is divided by p(b).
8
Let w = -1116 - -1163. What is the remainder when 1924 is divided by w?
44
Let o(u) = -4*u - 11. Suppose 13*h + 7 = 12*h. Let l(n) = -n**2 + 13*n - 9. What is the remainder when l(5) is divided by o(h)?
14
Suppose -2*p + 118 = 5*c, -2 + 6 = 2*c. Suppose p*z = 60*z - 402. Calculate the remainder when z is divided by 7.
4
Suppose 0 = -15*p + 7*p. Suppose -6*f = -p*f - 132. What is the remainder when ((-3)/(-4))/(4/208) is divided by f?
17
Calculate the remainder when (-984)/10*680/(-272) is divided by 64.
54
Suppose -2*r = 5*s - 1996, 7439*s - 776 = 7437*s - 4*r. What is the remainder when s is divided by 68?
62
Suppose 0 = -5*z, -5*d + 433 - 98 = -5*z. Suppose -3*q + c + d = 0, -4*c + 32 = 2*q + 6. What is the remainder when q is divided by 10?
1
Let d = -8705 - -15560. Suppose 2595 = -20*c + d. What is the remainder when c is divided by 72?
69
Suppose -265*j + 2015424 - 155389 = 0. What is the remainder when j is divided by 39?
38
Let a(w) = -w**3 - 12*w**2 - 13*w - 2. Suppose -m -